hat is the highest common divisor of k and 7?
1
Suppose -3*v + 4 = 2*g - 4*v, 3*v - 9 = -g. Suppose 0 = -n - g*n + 48. Calculate the greatest common factor of n and 6.
6
Let s = 7 - 5. Suppose w + 5 = 0, s*z + 5*w + 11 = z. What is the highest common factor of z and 126?
14
Suppose -5*l + 96 = 3*x, -5*x = -l + 1 + 7. Let a be 2/(-3)*l/(-12). Calculate the greatest common divisor of 1 and a.
1
Suppose 5*q - 250 = 5*z, 5*q + z = 3*q + 106. Calculate the highest common divisor of 26 and q.
26
Suppose 0 = -5*b + 36 - 11. Suppose 315 = b*d - 0*d. Let s(u) = u**3 + 10*u**2 - 12*u - 2. Let r be s(-11). What is the highest common factor of r and d?
9
Let g = -61 + 70. Calculate the greatest common divisor of g and 9.
9
Suppose 0*l = -2*l + 2. Suppose 0 = z - 2 - l. Suppose -v - 13 = -5*f - 89, 0 = z*v - 5*f - 208. Calculate the greatest common divisor of v and 6.
6
Let g(d) = -d**2 + 3*d + 3. Let l = 16 - 10. Let s(v) = v. Let z(p) = l*s(p) - g(p). Let m be z(2). Calculate the highest common divisor of m and 14.
7
Let t be 6*2 + 1 + 1. Suppose 2*w = 5*a - 24, 0*a - 3*a + 22 = -5*w. Suppose a*l + 5 = 89. What is the greatest common factor of t and l?
7
Suppose 5*y - 10 = 4*y + 5*c, 12 = y - 4*c. Let d = 17 - -23. What is the greatest common divisor of d and y?
20
Suppose -445 = -4*t - 93. Suppose 4*x - t = -0*x. Suppose 5*h = 2*v + 83, -5*v = 2*h - 3*v - x. What is the highest common factor of 5 and h?
5
Let b be (-4)/(-16) - (-55)/20. What is the highest common divisor of 1 and b?
1
Let k(q) = -2 + 4 + 2*q**3 - 5 - q**2 - q + 4. Suppose 3*h - 4 = h. Let w be k(h). What is the highest common divisor of w and 33?
11
Let v be (0 - -1)*(46 - 20/(-5)). Calculate the highest common factor of v and 30.
10
Let h(u) = u**2 - 3*u + 1. Let t be h(9). Let l = t - 32. What is the greatest common factor of l and 115?
23
Let x be 1368/40 + 2/(-10). Let u = -23 + x. Let g(s) = -12*s**3 + 2*s + 1. Let q be g(-1). Calculate the highest common factor of q and u.
11
Suppose 0 = 4*s + 15 - 47. Let g = 335 - 311. Calculate the highest common factor of s and g.
8
Suppose 4 = -z - 14. Let r be (-1)/(-2*(-1)/z). What is the highest common factor of r and 99?
9
Let w = 1 - -10. Suppose -5*d + 2*h - 4*h = -59, -3*d = -4*h - 25. What is the greatest common divisor of d and w?
11
Let x(l) = -2*l**2 - l**2 - l + 4*l**2. Let y(s) = -2*s**2 + s + 1. Let k(w) = 3*x(w) - y(w). Let z be k(-3). Calculate the highest common factor of z and 7.
7
Suppose -l = 2*l + 348. Let n be 2 - (-1 - l/(-2)). Suppose 3*q = -t + n, -q + 5*t + 5 = -10. What is the greatest common factor of 4 and q?
4
Let g = 117 - 112. Calculate the greatest common factor of g and 55.
5
Let d be (-216)/(-4)*(-3)/(-9). What is the highest common factor of 45 and d?
9
Let y = 166 - 118. Calculate the highest common factor of y and 16.
16
Suppose 5*j - 126 + 36 = 0. What is the greatest common divisor of j and 198?
18
Let z(r) = 3*r**2 + 17*r - 4. Let k be z(8). Calculate the highest common divisor of k and 36.
36
Let g be 1 + 1 - (1 + -1). Suppose -g*j + 75 = j. Calculate the highest common factor of j and 275.
25
Let y(c) be the third derivative of -5*c**4/24 - 5*c**3/6 - 3*c**2. Let f be y(-8). What is the highest common factor of f and 7?
7
Suppose 5*c = -2*t + 375, c + 2*t + 75 = 2*c. Suppose -4*u + 6 = 2*q - 24, -5*q - u = -c. Calculate the highest common divisor of q and 105.
15
Suppose -3*u + 30 = 2*u. Let a(g) = -15*g. Let i be a(-1). Calculate the highest common factor of i and u.
3
Let q = 14 - -62. Calculate the highest common factor of 19 and q.
19
Let f(i) = i**3 - 5*i**2 - 8*i - 12. Let x be f(9). Calculate the highest common divisor of x and 15.
15
Let a(d) = -2*d + 7*d + 9 - 14. Let z be a(2). What is the greatest common divisor of z and 1?
1
Let o = 151 - 147. Let w(k) = 4*k. Let r be w(1). Suppose -27 = -r*z + 13. What is the highest common factor of o and z?
2
Suppose v = -5*x + 15, -3*x + v + 0 + 1 = 0. Suppose u - 46 = -4*n + 3*u, -x*n + 35 = -5*u. What is the highest common divisor of 50 and n?
10
Let l be -3*3/(1 + -4). Let s be (2 - l) + -16 - -2. Let z = s - -33. What is the highest common factor of 9 and z?
9
Let h = 13 - -22. Suppose 6*k = k + h. Calculate the highest common factor of k and 7.
7
Suppose -4*w + 4 = 0, 5 = 2*k - 3*w - 6. What is the highest common divisor of k and 35?
7
Let d = -60 - -104. Let l be -12*(-1 + 4/6). Calculate the greatest common factor of d and l.
4
Let y be (1 + 3)/(4/18). Suppose d + 9 = 4*d. Suppose -53 = -d*c + 28. Calculate the highest common divisor of y and c.
9
Suppose -84 = -3*b + 6*l - 2*l, -5*b = -5*l - 145. What is the greatest common divisor of 96 and b?
32
Let w be 200/56 - (-8)/(-14). Calculate the highest common factor of 9 and w.
3
Let q = -5 + 17. Let r(m) = -7*m + 11. Let s(b) = -6*b + 12. Let h(a) = 5*r(a) - 4*s(a). Let c be h(-7). What is the greatest common factor of c and q?
12
Let g be 44/10 - 2/5. Let z be (-285)/(-6)*g/5. What is the greatest common divisor of 95 and z?
19
Let a be ((-2)/(-3))/(6/792). What is the highest common divisor of a and 66?
22
Let q(p) = 36*p**3 - 4*p**2 + 3*p. Let m be q(1). What is the highest common divisor of m and 35?
35
Let g = -5 + 45. What is the highest common divisor of g and 8?
8
Suppose 3*u - 23 = -5. What is the highest common divisor of 4 and u?
2
Let u = 31 + -20. Suppose 2*j - x - u = 28, -2*j = x - 37. Suppose o = -5*l + 108, 80 = -o + 4*l + 233. What is the greatest common factor of o and j?
19
Suppose r - 3*r + 64 = 0. Let q(o) = o**2 - 10*o - 3. Let l = -2 + 13. Let y be q(l). What is the greatest common factor of y and r?
8
Let n be (-108)/5*20/(-6). Let d(b) = 2*b**2 - b - 3. Let r be d(-3). What is the greatest common divisor of r and n?
18
Let i(c) = 1. Let h(z) = -3*z. Let w(f) = h(f) + 3*i(f). Let k be w(-6). Calculate the greatest common factor of k and 3.
3
Let o = 147 + -81. What is the highest common factor of o and 44?
22
Suppose 5 + 7 = 2*p. Let o(w) = 42*w**2. Suppose -4*q = -q - 3. Let a be o(q). Calculate the greatest common divisor of a and p.
6
Suppose f = 5*f - 864. Calculate the highest common divisor of 27 and f.
27
Let l be ((-18)/(-8))/(25/400). What is the highest common divisor of 4 and l?
4
Let v be (-2)/8 - ((-531)/12 - -6). What is the greatest common divisor of v and 57?
19
Let i = -1 - 2. Let d = 3 - i. Let c = 10 - -8. What is the highest common factor of d and c?
6
Suppose 50*r = 49*r + 3. Let w = 28 - 13. What is the highest common factor of r and w?
3
Let g(j) = -3*j + 12. Let l be g(3). Calculate the highest common factor of l and 9.
3
Let w = 18 - 1. Let y = w + 1. Calculate the greatest common factor of 45 and y.
9
Suppose 4*g = -17 + 161. Let t = 128 - 104. What is the highest common divisor of t and g?
12
Let y = -4 - -4. Let x be 13 - 2/(y + 2). What is the highest common factor of 24 and x?
12
Suppose 0*g + 5*d = 2*g - 44, -2*g - 3*d + 28 = 0. Calculate the highest common factor of g and 306.
17
Suppose -2*g + 14 = -4*k, 3*g - k = -2*k. Let v be (1 + 1 - g)*-1. Let w be -1 - (12*-1 + v). Calculate the highest common divisor of w and 84.
12
Suppose 170 = 11*p + 16. What is the greatest common divisor of p and 21?
7
Let p(h) = 11*h - 8. Let w be p(6). Let b = -20 + w. Suppose -2*n = 5*a - 3*n - 56, 5*n + b = 3*a. What is the highest common factor of 1 and a?
1
Let p(q) = -5*q + 1. Let o be p(-11). Suppose 4*h = 3*x + 47, h - 5*h + 4*x = -44. What is the greatest common factor of h and o?
14
Let i(t) be the third derivative of 13*t**4/12 - 6*t**2. Let n be i(2). Calculate the highest common divisor of 130 and n.
26
Let p be (7/(-28))/(1/(-4)) + 44. Calculate the highest common factor of p and 15.
15
Suppose 5*r - 14 = -4*y + 20, 4*r = -5*y + 29. Suppose -15 = -3*x + 4*w + 11, -38 = -4*x + 2*w. Let f = x + 5. What is the highest common divisor of r and f?
3
Suppose 14*n - 11*n + 24 = 0. Let q = n - -19. Calculate the greatest common factor of 33 and q.
11
Suppose 3*f - 13 = 2*c - 3*c, -3*c + 15 = 3*f. Suppose -2*r = -r - c. Calculate the greatest common divisor of 1 and r.
1
Suppose 39 - 101 = -2*g. Calculate the highest common divisor of g and 186.
31
Let a(p) = -p**3 - 5*p**2 + 5*p + 4. Let t be a(-6). Suppose -f = -t + 2. Let y(g) = 11*g + 8. Let j be 